
Is 37976021 prime?
True
Is 15930533 prime?
True
Is 411881 prime?
False
Is 383328791 a prime number?
True
Is 75891157 prime?
True
Is 286015943 a prime number?
True
Is 9594029 a composite number?
False
Is 246285491 a composite number?
False
Is 317321 prime?
True
Is 2974219 a prime number?
True
Is 4039949 a prime number?
True
Is 132659 composite?
True
Is 221692507 a prime number?
False
Is 94011403 a prime number?
False
Is 30187543 a composite number?
False
Is 46409773 composite?
True
Is 235122271 prime?
True
Is 24636733 prime?
False
Is 47823229 prime?
True
Is 212589159 a prime number?
False
Is 23316011 composite?
False
Is 30925697 composite?
True
Is 69856759 a prime number?
False
Is 1069171 a prime number?
True
Is 1478837 a prime number?
True
Is 229032509 prime?
True
Is 10555753 composite?
True
Is 117114659 prime?
False
Is 321542521 composite?
False
Is 32653133 a prime number?
True
Is 245183177 a composite number?
False
Is 29613671 composite?
False
Is 9416357 a composite number?
False
Is 44596943 a prime number?
True
Is 680021687 a prime number?
True
Is 42375587 a composite number?
False
Is 49514527 a prime number?
False
Is 2174243 composite?
False
Is 3547121 a composite number?
True
Is 2560087 a prime number?
True
Is 434996173 prime?
False
Is 22615253 a composite number?
True
Is 1020829 composite?
True
Is 652898578 composite?
True
Is 18849613 a prime number?
False
Is 2771191 a composite number?
False
Is 426588413 composite?
False
Is 6627989 prime?
True
Is 67133881 composite?
True
Is 1111771 a composite number?
False
Is 1126343 a composite number?
False
Is 4145723 a composite number?
True
Is 22737133 a prime number?
False
Is 1311689 prime?
True
Is 15423899 a composite number?
True
Is 9155527 a composite number?
False
Is 71123 a composite number?
True
Is 2991067 prime?
True
Is 3928961 a prime number?
True
Is 2860259 a prime number?
True
Is 6437773 composite?
False
Is 735386387 prime?
False
Is 2758387 a prime number?
False
Is 1226333 prime?
False
Is 40817435 a composite number?
True
Is 4051213 composite?
True
Is 2148779 a prime number?
False
Is 13083613 a prime number?
False
Is 66085867 prime?
False
Is 2545117 composite?
False
Is 98502559 a prime number?
False
Is 505176187 prime?
False
Is 212039557 composite?
True
Is 34286509 prime?
False
Is 8075317 a composite number?
True
Is 8006279 composite?
False
Is 517139611 a prime number?
False
Is 1544843 composite?
True
Is 64608281 a composite number?
False
Is 5087821 a composite number?
False
Is 8563 a prime number?
True
Is 39469697 prime?
True
Is 1286513 composite?
False
Is 364213 composite?
False
Is 5054001 a composite number?
True
Is 9209363 composite?
True
Is 1292167801 a prime number?
False
Is 331341119 prime?
False
Is 33789983 a composite number?
False
Is 44169119 composite?
False
Is 1698137 a composite number?
True
Is 1548385 a composite number?
True
Is 3506947 a composite number?
True
Is 391318469 prime?
True
Is 2640853 composite?
False
Is 201731501 a composite number?
False
Is 185170283 a prime number?
True
Is 336821 a prime number?
False
Is 3450047 prime?
True
Is 4275473 composite?
False
Is 18816529 a prime number?
False
Is 512128441 a composite number?
True
Is 50534639 a composite number?
False
Is 508977446 a prime number?
False
Is 5533847 a prime number?
False
Is 677872282 composite?
True
Is 2244703 composite?
False
Is 37779095 a composite number?
True
Is 2882567 prime?
False
Is 108828457 a prime number?
True
Is 14909231 a composite number?
False
Is 21522247 prime?
False
Is 90759793 a composite number?
True
Is 124075277 prime?
True
Is 187002917 a composite number?
False
Is 234425719 prime?
False
Is 4904321 a composite number?
False
Is 8023159 prime?
False
Is 240390143 composite?
True
Is 35474891 a composite number?
False
Is 7887521 a prime number?
True
Is 734263 composite?
False
Is 1089659 composite?
True
Is 2206481 a composite number?
True
Is 46804423 composite?
False
Is 3062161 prime?
True
Is 28244663 composite?
True
Is 2247899 composite?
False
Is 175812383 prime?
False
Is 5038277 a prime number?
False
Is 9154862 prime?
False
Is 1620733 a composite number?
False
Is 3252094 a prime number?
False
Is 25966207 prime?
True
Is 371153 a prime number?
True
Is 8502647 a composite number?
True
Is 56908277 prime?
True
Is 652038967 composite?
False
Is 631849 prime?
False
Is 5955773 a prime number?
True
Is 1644613 composite?
True
Is 36790135 a prime number?
False
Is 6241957 a prime number?
True
Is 4429883 a composite number?
False
Is 157792273 composite?
False
Is 3096631 prime?
False
Is 29350705 a prime number?
False
Is 55464119 prime?
True
Is 21332539 composite?
True
Is 969629 prime?
False
Is 5490377 a composite number?
False
Is 103876313 prime?
False
Is 38604205 prime?
False
Is 4790999 prime?
True
Is 28009087 a prime number?
False
Is 20368913 a composite number?
False
Is 88774601 composite?
False
Is 1064795617 a prime number?
True
Is 5188411 prime?
True
Is 30317241 a composite number?
True
Is 3128511 a prime number?
False
Is 12174907 a composite number?
True
Is 12497129 a prime number?
True
Is 1708387 composite?
False
Is 558401 composite?
False
Is 24964343 prime?
True
Is 534701621 a prime number?
True
Is 979267 a prime number?
False
Is 21916497 a prime number?
False
Is 4711547 a composite number?
False
Is 307155041 composite?
True
Is 6729266 a composite number?
True
Is 10431433 prime?
True
Is 123760067 a prime number?
True
Is 81671941 a composite number?
True
Is 57409921 a prime number?
False
Is 42885487 composite?
True
Is 33838877 composite?
False
Is 219674929 composite?
False
Is 14638861 composite?
True
Is 9233789 composite?
True
Is 23212139 composite?
False
Is 2081227 a composite number?
True
Is 12085397 a composite number?
False
Is 605980439 a prime number?
True
Is 9190757 prime?
True
Is 3279127 composite?
False
Is 20539217 prime?
True
Is 1131463 composite?
False
Is 294791033 a composite number?
True
Is 1075231 a prime number?
True
Is 929413 prime?
False
Is 4650667 a prime number?
False
Is 28676929 a prime number?
False
Is 1259431 composite?
True
Is 6033133 composite?
False
Is 1456747 prime?
False
Is 40845121 composite?
False
Is 3713969 composite?
True
Is 921676967 a composite number?
False
Is 44229109 composite?
False
Is 215854243 prime?
False
Is 273367 prime?
True
Is 1671305 prime?
False
Is 29923237 prime?
True
Is 30275669 a prime number?
True
Is 12771643 a composite number?
False
Is 6556351 prime?
False
Is 2844103 prime?
True
Is 164925139 prime?
True
Is 7274327 a composite number?
False
Is 15578931 a composite number?
True
Is 857551 a composite number?
False
Is 260026517 a composite number?
True
Is 1010129 a composite number?
False
Is 8918257 prime?
False
Is 10046111 a composite number?
False
Is 20796663 a composite number?
True
Is 25942577 composite?
False
Is 2761529 a prime number?
True
Is 2023501 a composite number?
False
Is 44304109 composite?
True
Is 1134829 a prime number?
False
Is 18276619 prime?
True
Is 113443309 composite?
True
Is 8181221 a composite number?
False
Is 33563021 a prime number?
True
Is 533939069 composite?
True
Is 17314063 a prime number?
False
Is 271288639 composite?
True
Is 23372707 prime?
True
Is 1926077 prime?
True
Is 652667 a prime number?
True
Is 8111447 composite?
False
Is 795721 a prime number?
False
Is 247757891 composite?
True
Is 63798373 a composite number?
True
Is 378977 prime?
True
Is 1641137 a composite number?
False
Is 4950121 prime?
False
Is 6131753 prime?
True
Is 213044038 composite?
True
Is 60878086 composite?
True
Is 36789341 a prime number?
False
Is 2491891 composite?
False
Is 20658497 a prime number?
False
Is 34062863 a prime number?
True
Is 33835079 prime?
True
Is 94266737 composite?
False
Is 913958 a prime number?
False
Is 74537651 a composite number?
False
Is 200096367 prime?
False
Is 3674269 a prime number?
True
Is 15393761 composite?
True
Is 31254971 composite?
True
Is 326063531 a prime number?
False
Is 2499409 a prime number?
False
Is 31826521 composite?
True
Is 34487015 composite?
True
Is 168261854 a composite number?
True
Is 200623127 a prime number?
False
Is 64545491 a prime number?
True
Is 609901 composite?
True
Is 9650023 a prime number?
True
Is 10166657 prime?
True
Is 35630117 composite?
False
Is 852457 a prime number?
True
Is 1442131